t v(s) be the first derivative of s**2 + s**3 + 1 + 0*s - 1/12*s**4. Let f(n) be the second derivative of v(n). Give f(4).
-2
Let s(k) = -2*k - 2. Let x be (-10)/(-15)*(-12)/(-1). Let m = x + -10. Determine s(m).
2
Let n = 3 + -1. Let d(p) = 3 - 5*p**n + 4*p + p - 5. Let t(q) = -q**2 - 1. Let j(c) = -d(c) + 6*t(c). What is j(-4)?
0
Let s(l) = 7*l**3 + 2*l**2 + 4*l + 1. Let z(w) = w**3 + w. Let g(i) = -s(i) + 6*z(i). Give g(-3).
2
Let r(w) = w**3 + 3*w**2 + 4*w + 3. Let p(d) = d - 8. Let z be p(10). Let l = 4 - z. Suppose 0 = -o + l - 7, 5*i = 2*o - 5. Give r(i).
-9
Let l(g) = -g**2 - 6*g + 2. Let f(p) = p**2 + 5*p - 1. Let k(x) = 4*f(x) + 3*l(x). Let q = 16 - 18. Give k(q).
2
Let c(p) = 2*p**3 - 3*p**2 + p - 2. Let z = -1 - -5. Suppose -z*m + 20 = -8*m. Let i be ((-2)/(-5))/((-1)/m). Determine c(i).
4
Let f(u) = u**2 + 7*u - 7. Let o be (-4)/(-10) + 74/(-10). Calculate f(o).
-7
Let g(o) = 0*o**2 + 4*o**2 - 3*o**2 + 6*o + 0*o**2 - 2. Determine g(-7).
5
Let c(n) = -8*n**3 - n + 1. Suppose -4*q = q - 5. What is c(q)?
-8
Let c(t) = -1 + 2*t + t**2 - t + 3*t. Let i(r) = -2*r**2 - 5*r + 2. Let m(p) = 4*c(p) + 3*i(p). Give m(2).
-4
Let z(n) = 9*n**2 - 2*n - 1. Suppose 3*r - c = 8, r - 2*r + c = 0. Suppose -r*o = -4*w + 16, -4*o - 2 - 5 = -w. Determine z(o).
10
Let j(i) = -2*i + 1. Let r = 23 + -8. Suppose -r = 3*v - 0. What is j(v)?
11
Let a be -2 + 1 - -4 - -2. Let c(f) = -14*f**2 - 15*f - 17. Let h(s) = -5*s**2 - 5*s - 6. Suppose -5*m = -96 + 11. Let o(b) = m*h(b) - 6*c(b). Calculate o(a).
0
Suppose 3*g = 5*g - 4. Let a(z) = -1 - g*z**2 + 3 + 6*z - 5*z + z**3. Determine a(2).
4
Suppose -8*i + 2 = -6*i. Let x be 2*i - 98/14. Let q(y) = -y + 2. Calculate q(x).
7
Suppose -2*l + c - 5 = -4*l, 0 = -l + 2*c + 15. Let b = 1 + l. Let o(j) = -j**3 + 6*j**2 + 2*j - 7. Determine o(b).
5
Suppose 0 = -3*q + 9. Suppose -q*g + 13 = 2*l - 0*g, -5*g + 11 = 2*l. Suppose 4*w = l*w. Let x(y) = -y - 6. Calculate x(w).
-6
Let i(h) be the third derivative of -h**9/60480 + h**7/5040 + h**6/120 + h**5/30 + 3*h**2. Let u(n) be the third derivative of i(n). Determine u(0).
6
Let n(s) = s**3 + 3*s**2 + 3*s - 4. Suppose 4*p = 4*m + 4, 3*p + 4*m = 6*m - 1. Determine n(p).
-13
Let a(b) = -b**2 - 10*b + 14. Let l be a(-11). Let g be -1*l/((-9)/12). Let d(q) = -3*q - 3. Calculate d(g).
-15
Suppose 2*k = -3*r, 4*r = k - 3*k + 4. Let h = -3 - -6. Let j(w) = w**3 + 6*w**2 - 2*w - h*w + 6*w. Calculate j(k).
-6
Let o(a) be the first derivative of a**4/12 - 7*a**3/6 - a**2/2 + 1. Let b(t) be the second derivative of o(t). Suppose -3*w - 15 = -6*w. What is b(w)?
3
Suppose 0 = -5*p - 8 + 3. Let n(c) = 3*c**2 - 2*c + 6. Let b(y) = -2 + 4 - y - y**2 - 3. Let j(i) = p*n(i) - 4*b(i). Calculate j(-5).
-7
Let h be 1/((-2)/(-3))*2/72. Let u(c) be the third derivative of -1/30*c**5 + 0*c + 0*c**4 + 1/6*c**3 + h*c**6 - c**2 + 0. Determine u(1).
4
Suppose -3*a + 1 = 2*x, -5*x + 10*x - 5*a - 40 = 0. Let k(g) = 5 + 2*g**2 - 3*g**2 + x*g**2 + g**3. Let q(m) = m**2 + 4*m - 4. Let o be q(-4). Calculate k(o).
5
Suppose b = -3*t + 2, -2*b - 4*t + 0 = -2. Let d(n) = 4*n**2 + n - 1. Let k(m) = m**2. Let y(z) = b*d(z) + 3*k(z). Let f be 0/(2 + 0 - 4). Calculate y(f).
1
Suppose 5*m = 2*m - 18. Let i(r) be the second derivative of -r**5/20 - 7*r**4/12 - r**3/2 + 4*r**2 - 50*r. Determine i(m).
-10
Let w(b) = 7 - 4 + b**2 - 11 + b + 7*b. Determine w(-8).
-8
Let c(h) be the third derivative of -h**5/30 + h**4/8 + h**3/3 - 2*h**2. Give c(3).
-7
Let d be (-4 + 1)*(-4)/(-6). Let i(m) be the third derivative of -m**5/60 - m**4/24 - m**2. Determine i(d).
-2
Suppose 10 = 5*a - 3*v - 0, 3*v = -3*a + 6. Suppose -2*q = a*q. Let o(c) be the third derivative of c**5/60 - c**3/6 + 3*c**2. Give o(q).
-1
Let n(t) = t**2 + 5*t + 2. Let k be n(-3). Let m(z) = -z**2 - 5*z - 3. What is m(k)?
1
Let b(l) = -l**3 - l**2 - 4. Let u be b(0). Let t(a) = a**2 + 6*a + 1 - 2*a - 6. Give t(u).
-5
Let l(x) = x**2 + 8*x + 5. Let q = -13 + 8. Calculate l(q).
-10
Let x = -10 + 16. Suppose -k + x = 2*k. Let t(z) = 0*z**2 + 4*z - 2*z**k - 3 + z**2. Calculate t(4).
-3
Let z(k) = 2*k + 8. Suppose 3*q = 2*b - 14 + 6, 0 = -4*q - 2*b - 34. Give z(q).
-4
Let o(g) = -3*g**3 + 6*g**2 + 12*g + 1. Let r(y) = -7*y**3 + 11*y**2 + 24*y + 2. Let f(p) = 9*o(p) - 4*r(p). Calculate f(-9).
-26
Suppose -2*b + 36 = 2*b. Let c(j) be the third derivative of j**5/60 - 5*j**4/12 + 4*j**3/3 + 3*j**2. Let r be c(b). Let x(i) = -6*i - 1. Calculate x(r).
5
Let o(k) be the first derivative of 5*k**2/2 - 3*k + 2. Calculate o(3).
12
Let c = 23 + -22. Let b(r) = -5*r**2. Calculate b(c).
-5
Let i(c) = c**2 + 4*c - 5. Let s(v) = v + 16. Let l be s(-6). Suppose -a - l = a. Determine i(a).
0
Let i(b) be the third derivative of -b**7/840 + b**6/360 + b**5/120 + b**4/24 + b**3/2 + b**2. Let r(q) be the first derivative of i(q). Determine r(2).
-1
Suppose -3*l + 0 = 2*p - 6, -4*l = 2*p - 8. Let q = 7 - 7. Let d(n) = -30 + 34 + n**3 - n + q*n**3. Give d(p).
4
Let p(s) = s - 1. Suppose 106 = 5*r + 46. Let t be 43/6 + (-2)/r. Suppose -l = -5*x - 5, 0 = -5*x - 2*l + t - 27. What is p(x)?
-3
Let n(o) = -3*o - o + 2*o - 7. Let b be n(-5). Let h(u) = 2 + u - b*u + 3*u + u**2. What is h(0)?
2
Let g = 182 - 186. Let v(t) = -t**3 - 2*t**2 + 5*t - 2. Calculate v(g).
10
Suppose 2*c = -20 + 28. Let n(o) = -o. Let m(g) = -g - 5. Let s(p) = m(p) - 2*n(p). Give s(c).
-1
Let v(h) = h**2 - 5*h. Let d be 6/10 - (-112)/(-20). Let l(q) = q**2 - 4*q. Let o(m) = d*l(m) + 4*v(m). Give o(-1).
-1
Suppose 0 = -2*h - 10, 6 = k - h - 6. Let m(l) = -k + 2 + l**3 - 6*l - 2*l**3 - 6*l**2. Let n = -8 + 3. Give m(n).
0
Let v(s) = -s**2 - s + 2. Suppose -4*u = -3*u. Suppose -4*j = a - 11, -a - 4*a + j + 13 = u. Give v(a).
-10
Let b be 4/18 - (-102)/27. Let a be (-20)/(-4) - b/2. Let j(r) = -4*r + 2*r + 4*r + a. Calculate j(3).
9
Let u be (-1*(-9)/3)/1. Let v(r) = 2*r + 9. Let t be v(-6). Let s(k) = 3*k + 1. Let n(x) = -2*x. Let h(c) = t*s(c) - 5*n(c). Calculate h(u).
0
Suppose 1 = -2*y - 13. Let b(i) = -i**3 - 6*i**2 + 7*i. Calculate b(y).
0
Let i(d) be the second derivative of -d**4/12 - 2*d**3/3 + d**2/2 - 24*d. Let x(v) = v**2 + 7*v + 6. Let p be x(-5). Calculate i(p).
1
Let l(y) = 2*y**3 + 15*y**2 - 8*y - 5. Let u be l(-8). Let o(p) = p**2 + 5*p - 6. Calculate o(u).
-6
Suppose -5*h = -3*h + 4*u - 14, -u + 2 = 0. Let j(i) = -5 + 3 + 0*i**h + i**3 + 0. What is j(2)?
6
Suppose 2 + 10 = 3*q. Let b(n) be the second derivative of n**2 + 0 + 2*n - 1/6*n**3. Calculate b(q).
-2
Let h(o) = o - 7. Suppose 5*r + 5 = -10. Let u = 0 - r. Calculate h(u).
-4
Let n(y) = y**2 - 2*y - 4. Suppose 4*j = -2*f + 24, 2 - 10 = -5*f + 3*j. What is n(f)?
4
Let s(w) = w**2 - 6*w + 3. Suppose -6*z = -8*z + 32. Suppose 2*l = -2*l + z. Calculate s(l).
-5
Let j(m) = -5 + 4 + m + 4*m**2 + 0*m + m. What is j(2)?
19
Let p be (9/6)/((-12)/16). Let f(b) = -2*b**3 - 4*b**2 - 4*b - 3. What is f(p)?
5
Let y(t) be the third derivative of t**6/20 - t**5/60 + t**4/12 - t**3/6 - t**2. Suppose 5*n - 6 = 4*w - 0*w, 4*w + 2*n = 8. Determine y(w).
6
Let u(x) = -x**2 - 6*x + 1. Suppose -2*w - w - 5*o = -10, -w + o = 10. Determine u(w).
6
Let h = 11 - 11. Suppose -6*b + 3*b - 15 = h. Let w(n) = -3*n - 2. What is w(b)?
13
Suppose -2*r = 5*t + 6, -r + t + t = 3. Let o(q) be the first derivative of -q**4/4 - 5*q**3/3 - 2*q**2 - 2*q + 1. Calculate o(r).
-8
Let q(l) = l. Let z = 0 + 0. Suppose z = -d - 2*n - 3 + 2, d + 3*n = -3. Suppose d*g - 8 = -g. Determine q(g).
2
Let j(c) = 25 + 2*c - 61 + 29. Determine j(9).
11
Let m(g) = -4*g**3 + 5*g**2 - 11*g. Let c(n) = 3*n**3 - 4*n**2 + 10*n. Let r(o) = 5*c(o) + 4*m(o). Let z(w) be the second derivative of r(w). Calculate z(1).
-6
Let z be 1/(-2) - 5/(-2). Suppose n = 5*l - 0*n, -z*l = -2*n. Let c(y) = 2*y**3 + 6 - y**2 - 1 - y**3. Calculate c(l).
5
Let w = -4 + 7. Let g(p) = 1 - 5*p + 0 + w*p. Suppose f - 14 = -3*c - 4, -2*c = 2*f - 4. Calculate g(c).
-7
Let w(u) = 5 - u + 6 + 9*u - 7*u. Calculate w(-5).
6
Let n(l) = -l + 3. Let x(g) = -2*g. Let m(z) = n(z) - x(z). Determine m(8).
11
Let i(a) be the third derivative of a**5/60 - 5*a**4/24 + a**3 + 10*a**2. Determine i(5).
6
Let z(h) be the second derivative of 7*h**3/3 + h**2/2 - 3*h. Calculate z(-1).
-13
Let q(c) = -3*c**2 + 3*c + 1. Let k(a) = 2*a**2 - 2*a - 1. Let b